{"id":105,"date":"2019-02-19T18:44:36","date_gmt":"2019-02-19T18:44:36","guid":{"rendered":"https:\/\/menpf.it-sonnit.com\/dev\/sookari\/?page_id=105"},"modified":"2019-02-19T19:23:24","modified_gmt":"2019-02-19T19:23:24","slug":"lahde-matkaan-mukaan","status":"publish","type":"page","link":"https:\/\/sookari.fi\/index.php\/lahde-matkaan-mukaan\/","title":{"rendered":"L\u00e4hde mukaan matkaan"},"content":{"rendered":"\n<p>Ostosmatkat ovat n\u00e4ht\u00e4viss\u00e4 facebook -sivullamme:<br><a href=\"https:\/\/www.facebook.com\/sookari.fi\">https:\/\/www.facebook.com\/sookari.fi<\/a>. <br>Ilmoittautumiset ja tiedustelut p. 0500 380 087.<\/p>\n\n\n\n<p>Kysy meilt\u00e4 tarjous, kun tarvitset tilausajoa:<br>Luokkaretket <br>Ostosmatkat  <br>Teatterimatkat <br>Messumatkat  <br>Opintomatkat  <br>N\u00e4yttelymatkat  <br>Kiertoajelut  <\/p>\n","protected":false},"excerpt":{"rendered":"<p>Ostosmatkat ovat n\u00e4ht\u00e4viss\u00e4 facebook -sivullamme:https:\/\/www.facebook.com\/sookari.fi. Ilmoittautumiset ja tiedustelut p. 0500 380 087. Kysy meilt\u00e4 tarjous, kun tarvitset tilausajoa:Luokkaretket Ostosmatkat Teatterimatkat Messumatkat Opintomatkat N\u00e4yttelymatkat Kiertoajelut<\/p>\n","protected":false},"author":1,"featured_media":67,"parent":0,"menu_order":0,"comment_status":"closed","ping_status":"closed","template":"","meta":{"footnotes":""},"class_list":["post-105","page","type-page","status-publish","has-post-thumbnail","hentry"],"_links":{"self":[{"href":"https:\/\/sookari.fi\/index.php\/wp-json\/wp\/v2\/pages\/105","targetHints":{"allow":["GET"]}}],"collection":[{"href":"https:\/\/sookari.fi\/index.php\/wp-json\/wp\/v2\/pages"}],"about":[{"href":"https:\/\/sookari.fi\/index.php\/wp-json\/wp\/v2\/types\/page"}],"author":[{"embeddable":true,"href":"https:\/\/sookari.fi\/index.php\/wp-json\/wp\/v2\/users\/1"}],"replies":[{"embeddable":true,"href":"https:\/\/sookari.fi\/index.php\/wp-json\/wp\/v2\/comments?post=105"}],"version-history":[{"count":12,"href":"https:\/\/sookari.fi\/index.php\/wp-json\/wp\/v2\/pages\/105\/revisions"}],"predecessor-version":[{"id":132,"href":"https:\/\/sookari.fi\/index.php\/wp-json\/wp\/v2\/pages\/105\/revisions\/132"}],"wp:featuredmedia":[{"embeddable":true,"href":"https:\/\/sookari.fi\/index.php\/wp-json\/wp\/v2\/media\/67"}],"wp:attachment":[{"href":"https:\/\/sookari.fi\/index.php\/wp-json\/wp\/v2\/media?parent=105"}],"curies":[{"name":"wp","href":"https:\/\/api.w.org\/{rel}","templated":true}]}}